{"id":894,"date":"2026-04-14T22:32:14","date_gmt":"2026-04-14T20:32:14","guid":{"rendered":"https:\/\/www.assorpdemaistre.wordpress.lemarie.it\/?page_id=894"},"modified":"2026-04-15T14:25:24","modified_gmt":"2026-04-15T12:25:24","slug":"histoire","status":"publish","type":"page","link":"https:\/\/www.assorpdemaistre.wordpress.lemarie.it\/index.php\/histoire\/","title":{"rendered":"Histoire"},"content":{"rendered":"\n<figure class=\"wp-block-image size-large\"><img loading=\"lazy\" decoding=\"async\" width=\"1024\" height=\"362\" src=\"https:\/\/www.assorpdemaistre.wordpress.lemarie.it\/wp-content\/uploads\/2026\/04\/Historique_frise-3-1024x362.png\" alt=\"\" class=\"wp-image-895\" srcset=\"https:\/\/www.assorpdemaistre.wordpress.lemarie.it\/wp-content\/uploads\/2026\/04\/Historique_frise-3-1024x362.png 1024w, https:\/\/www.assorpdemaistre.wordpress.lemarie.it\/wp-content\/uploads\/2026\/04\/Historique_frise-3-300x106.png 300w, https:\/\/www.assorpdemaistre.wordpress.lemarie.it\/wp-content\/uploads\/2026\/04\/Historique_frise-3-768x272.png 768w, https:\/\/www.assorpdemaistre.wordpress.lemarie.it\/wp-content\/uploads\/2026\/04\/Historique_frise-3-1536x543.png 1536w, https:\/\/www.assorpdemaistre.wordpress.lemarie.it\/wp-content\/uploads\/2026\/04\/Historique_frise-3-2048x724.png 2048w, https:\/\/www.assorpdemaistre.wordpress.lemarie.it\/wp-content\/uploads\/2026\/04\/Historique_frise-3-1920x679.png 1920w\" sizes=\"auto, (max-width: 1024px) 100vw, 1024px\" \/><\/figure>\n\n\n\n<p><\/p>\n\n\n\n<hr class=\"wp-block-separator has-alpha-channel-opacity\"\/>\n\n\n\n<p><\/p>\n\n\n\n<p>Fond\u00e9e en 1906 \u00e0 Paris par le R\u00e9v\u00e9rend P\u00e8re Joseph de Maistre, sous le nom de \u00ab l\u2019Association pour le repos des Jeunes Parisiennes \u00bb, r\u00e9gie par la Loi de 1901, l\u2019association gestionnaire d\u00e9nomm\u00e9e depuis 1999 \u00ab Association RP de Maistre \u00bb est d\u00e9clar\u00e9e d\u2019utilit\u00e9 publique depuis 1921.<\/p>\n\n\n\n<p><\/p>\n\n\n\n<div class=\"wp-block-columns is-layout-flex wp-container-core-columns-is-layout-9d6595d7 wp-block-columns-is-layout-flex\">\n<div class=\"wp-block-column is-layout-flow wp-block-column-is-layout-flow\" style=\"flex-basis:33.33%\">\n<p><\/p>\n\n\n\n<p>Son si\u00e8ge est \u00e0 Beaumesnil, dans l\u2019Eure, \u00e0 l\u2019adresse actuelle du Dispositif d\u2019Accompagnement M\u00e9dico-Educatif.<\/p>\n\n\n\n<p>Cet \u00e9tablissement a succ\u00e9d\u00e9 en 1960 au pr\u00e9ventorium \u00ab&nbsp;Le Repos&nbsp;\u00bb, lequel avait lui-m\u00eame succ\u00e9d\u00e9 en 1933 \u00e0 la maison de repos pour les jeunes parisiennes en difficult\u00e9s ou au ch\u00f4mage, cr\u00e9\u00e9e initialement pour la pr\u00e9vention de la sant\u00e9 de ces jeunes filles, ouvri\u00e8res ou employ\u00e9es.<\/p>\n<\/div>\n\n\n\n<div class=\"wp-block-column is-layout-flow wp-block-column-is-layout-flow\" style=\"flex-basis:66.66%\">\n<figure class=\"wp-block-image size-large\"><img loading=\"lazy\" decoding=\"async\" width=\"1024\" height=\"576\" src=\"https:\/\/www.assorpdemaistre.wordpress.lemarie.it\/wp-content\/uploads\/2026\/04\/Design-sans-titre1-1024x576.jpg\" alt=\"\" class=\"wp-image-923\" srcset=\"https:\/\/www.assorpdemaistre.wordpress.lemarie.it\/wp-content\/uploads\/2026\/04\/Design-sans-titre1-1024x576.jpg 1024w, https:\/\/www.assorpdemaistre.wordpress.lemarie.it\/wp-content\/uploads\/2026\/04\/Design-sans-titre1-300x169.jpg 300w, https:\/\/www.assorpdemaistre.wordpress.lemarie.it\/wp-content\/uploads\/2026\/04\/Design-sans-titre1-768x432.jpg 768w, https:\/\/www.assorpdemaistre.wordpress.lemarie.it\/wp-content\/uploads\/2026\/04\/Design-sans-titre1-1536x864.jpg 1536w, https:\/\/www.assorpdemaistre.wordpress.lemarie.it\/wp-content\/uploads\/2026\/04\/Design-sans-titre1.jpg 1920w\" sizes=\"auto, (max-width: 1024px) 100vw, 1024px\" \/><\/figure>\n<\/div>\n<\/div>\n\n\n\n<p><\/p>\n\n\n\n<p>En septembre 1960, le pr\u00e9ventorium de Beaumesnil (institution pour des patients infect\u00e9s par la tuberculose) se transforma en Institut M\u00e9dico P\u00e9dagogique afin d\u2019accueillir des jeunes filles de 6 \u00e0 14 ans (puis 16 ans suite au rel\u00e8vement de l\u2019\u00e2ge de l\u2019obligation scolaire) qui, selon la terminologie de l\u2019\u00e9poque, \u00e9taient class\u00e9es \u00ab&nbsp;\u00e9ducables ou semi-\u00e9ducables&nbsp;\u00bb.<\/p>\n\n\n\n<div class=\"wp-block-columns is-layout-flex wp-container-core-columns-is-layout-9d6595d7 wp-block-columns-is-layout-flex\">\n<div class=\"wp-block-column is-layout-flow wp-block-column-is-layout-flow\" style=\"flex-basis:66.66%\">\n<div class=\"wp-block-columns is-layout-flex wp-container-core-columns-is-layout-9d6595d7 wp-block-columns-is-layout-flex\">\n<div class=\"wp-block-column is-layout-flow wp-block-column-is-layout-flow\"><div class=\"wp-block-image\">\n<figure class=\"alignleft size-full\"><img loading=\"lazy\" decoding=\"async\" width=\"994\" height=\"573\" src=\"https:\/\/www.assorpdemaistre.wordpress.lemarie.it\/wp-content\/uploads\/2026\/04\/dame-ancien.jpg\" alt=\"\" class=\"wp-image-926\" srcset=\"https:\/\/www.assorpdemaistre.wordpress.lemarie.it\/wp-content\/uploads\/2026\/04\/dame-ancien.jpg 994w, https:\/\/www.assorpdemaistre.wordpress.lemarie.it\/wp-content\/uploads\/2026\/04\/dame-ancien-300x173.jpg 300w, https:\/\/www.assorpdemaistre.wordpress.lemarie.it\/wp-content\/uploads\/2026\/04\/dame-ancien-768x443.jpg 768w\" sizes=\"auto, (max-width: 994px) 100vw, 994px\" \/><\/figure>\n<\/div><\/div>\n<\/div>\n<\/div>\n\n\n\n<div class=\"wp-block-column is-layout-flow wp-block-column-is-layout-flow\" style=\"flex-basis:33.33%\">\n<p><\/p>\n\n\n\n<p>Le 6 ao\u00fbt 1976, une convention entre le d\u00e9partement et l\u2019association pr\u00e9cise l\u2019engagement pour cette derni\u00e8re \u00e0 recevoir en internat 72 filles d\u00e9ficientes intellectuelles avec troubles du caract\u00e8re et du comportement. En janvier 1982, le directeur r\u00e9gional des affaires sanitaires et sociales autorise l\u2019association \u00e0 cr\u00e9er une section m\u00e9dico-professionnelle \u00e0 titre exp\u00e9rimental de 12 lits pour jeunes filles de 16 \u00e0 18 ans.<\/p>\n<\/div>\n<\/div>\n\n\n\n<p><\/p>\n\n\n\n<p>C\u2019est en 1992, que l\u2019I.M.E. de Beaumesnil instaure la mixit\u00e9 en accueillant des gar\u00e7ons.<\/p>\n\n\n\n<p>D\u00e9sormais, l\u2019objet de l\u2019association est de permettre \u00e0 toute personne pr\u00e9sentant des difficult\u00e9s d\u2019insertion familiale ou sociale, une meilleure adaptation \u00e0 une vie professionnelle et sociale. Elle s\u2019adresse \u00e0 ce titre \u00e0 des jeunes, gar\u00e7ons ou filles, pr\u00e9sentant des d\u00e9ficiences intellectuelles l\u00e9g\u00e8res ou moyennes, avec troubles associ\u00e9s. C\u2019est la mission de l\u2019I.M.E.<\/p>\n\n\n\n<p>L\u2019association RP de Maistre g\u00e8re l\u2019I.M.E. de Beaumesnil qui, fin 2016, accueille 72 enfants, adolescents et jeunes adultes dont 60 en internat et 12 en semi-internat.<\/p>\n\n\n\n<p>L\u2019IME de Beaumesnil a \u00e9t\u00e9 dirig\u00e9 par&nbsp;:<\/p>\n\n\n\n<ul class=\"wp-block-list\">\n<li>Mademoiselle BASSELIER, du 01<sup>er<\/sup> septembre 1960 au 31 ao\u00fbt 1970&nbsp;;<\/li>\n\n\n\n<li>Mademoiselle Bernadette ROUX, du 01<sup>er<\/sup> ao\u00fbt 1970 au 06 octobre 1990&nbsp;;<\/li>\n\n\n\n<li>Monsieur Jacques KELLER, du 01<sup>er<\/sup> juin 1992 au 31 juillet 2003&nbsp;;<\/li>\n\n\n\n<li>Monsieur Yves BONHOMME (du 01<sup>er<\/sup> septembre 1994 au 01<sup>er<\/sup> ao\u00fbt 2003 comme chef de service) jusqu\u2019au 01<sup>er<\/sup> Janvier 2017.<\/li>\n<\/ul>\n\n\n\n<p><\/p>\n\n\n\n<div class=\"wp-block-columns is-layout-flex wp-container-core-columns-is-layout-9d6595d7 wp-block-columns-is-layout-flex\">\n<div class=\"wp-block-column is-layout-flow wp-block-column-is-layout-flow\" style=\"flex-basis:66.66%\">\n<p><\/p>\n\n\n<div class=\"wp-block-image\">\n<figure class=\"alignleft size-large\"><img loading=\"lazy\" decoding=\"async\" width=\"1024\" height=\"768\" src=\"https:\/\/www.assorpdemaistre.wordpress.lemarie.it\/wp-content\/uploads\/2026\/04\/dame-nouveau-bat-1024x768.jpg\" alt=\"\" class=\"wp-image-928\" srcset=\"https:\/\/www.assorpdemaistre.wordpress.lemarie.it\/wp-content\/uploads\/2026\/04\/dame-nouveau-bat-1024x768.jpg 1024w, https:\/\/www.assorpdemaistre.wordpress.lemarie.it\/wp-content\/uploads\/2026\/04\/dame-nouveau-bat-300x225.jpg 300w, https:\/\/www.assorpdemaistre.wordpress.lemarie.it\/wp-content\/uploads\/2026\/04\/dame-nouveau-bat-768x576.jpg 768w, https:\/\/www.assorpdemaistre.wordpress.lemarie.it\/wp-content\/uploads\/2026\/04\/dame-nouveau-bat-1536x1152.jpg 1536w, https:\/\/www.assorpdemaistre.wordpress.lemarie.it\/wp-content\/uploads\/2026\/04\/dame-nouveau-bat-1440x1080.jpg 1440w, https:\/\/www.assorpdemaistre.wordpress.lemarie.it\/wp-content\/uploads\/2026\/04\/dame-nouveau-bat.jpg 2048w\" sizes=\"auto, (max-width: 1024px) 100vw, 1024px\" \/><\/figure>\n<\/div><\/div>\n\n\n\n<div class=\"wp-block-column is-vertically-aligned-center is-layout-flow wp-block-column-is-layout-flow\" style=\"flex-basis:33.33%\">\n<p><\/p>\n\n\n\n<p>Le Conseil d\u2019administration \u00e9volue dans les ann\u00e9es 2014, avec l\u2019arriv\u00e9e de nouveaux administrateurs et d\u2019un nouveau Pr\u00e9sident, Monsieur Gildas de KERPRIGENT qui a \u00e9t\u00e9 \u00e9lu \u00e0 cette p\u00e9riode. Il instaure une dynamique nouvelle, constitue des Commissions de travail compos\u00e9es d\u2019administrateurs investis et avec comp\u00e9tences multiples. Il engage l\u2019association dans la r\u00e9ponse d\u2019un appel \u00e0 projets diffus\u00e9 en 2016 pour cr\u00e9er des places concernant des jeunes enfants avec autisme et d\u00e9ficience mentale. L\u2019association RP de Maistre remporte l\u2019appel \u00e0 projet fin 2016.<\/p>\n\n\n\n<p><\/p>\n<\/div>\n<\/div>\n\n\n\n<p>Le Conseil d\u2019administration \u00e9volue dans les ann\u00e9es 2014, avec l\u2019arriv\u00e9e de nouveaux administrateurs et d\u2019un nouveau Pr\u00e9sident, Monsieur Gildas de KERPRIGENT qui a \u00e9t\u00e9 \u00e9lu \u00e0 cette p\u00e9riode. Il instaure une dynamique nouvelle, constitue des Commissions de travail compos\u00e9es d\u2019administrateurs investis et avec comp\u00e9tences multiples. Il engage l\u2019association dans la r\u00e9ponse d\u2019un appel \u00e0 projets diffus\u00e9 en 2016 pour cr\u00e9er des places concernant des jeunes enfants avec autisme et d\u00e9ficience mentale. L\u2019association RP de Maistre remporte l\u2019appel \u00e0 projet fin 2016.<\/p>\n\n\n\n<p>Ce projet, bas\u00e9 sur des cr\u00e9dits p\u00e9rennes, est novateur par sa port\u00e9e inclusive d\u2019enfants en situation de handicap important. En effet, les enfants sont accueillis au sein d\u2019une \u00e9cole primaire de la ville de Bernay et accompagn\u00e9s exclusivement par une \u00e9quipe de professionnels de l\u2019IME.<\/p>\n\n\n\n<p>Le bain et la mixit\u00e9 sociale sont les 2 moteurs de ce projet. Ainsi, les jeunes de l\u2019unit\u00e9 pour enfants avec Troubles du Spectre Autistique (UTSA), leurs parents et les professionnels, c\u00f4toient de fa\u00e7on de plus en plus habituelle les autres enfants de l\u2019\u00e9cole, leurs parents et l\u2019\u00e9quipe p\u00e9dagogique. Chacun apprend \u00e0 conna\u00eetre et \u00e0 fr\u00e9quenter l\u2019autre. La diff\u00e9rence n\u2019entra\u00eene ni mise de c\u00f4t\u00e9, ni exclusion.<\/p>\n\n\n\n<p><\/p>\n","protected":false},"excerpt":{"rendered":"<p>Fond\u00e9e en 1906 \u00e0 Paris par le R\u00e9v\u00e9rend P\u00e8re Joseph de Maistre, sous le nom de \u00ab l\u2019Association pour le repos des Jeunes Parisiennes \u00bb, r\u00e9gie par la Loi de 1901, l\u2019association gestionnaire d\u00e9nomm\u00e9e depuis 1999 \u00ab Association RP de Maistre \u00bb est d\u00e9clar\u00e9e d\u2019utilit\u00e9 publique depuis 1921. Son si\u00e8ge est \u00e0 Beaumesnil, dans l\u2019Eure,&hellip; <br \/> <a class=\"button small blue\" href=\"https:\/\/www.assorpdemaistre.wordpress.lemarie.it\/index.php\/histoire\/\">Lire la suite<\/a><\/p>\n","protected":false},"author":1,"featured_media":0,"parent":0,"menu_order":0,"comment_status":"closed","ping_status":"closed","template":"","meta":{"footnotes":""},"class_list":["post-894","page","type-page","status-publish","hentry"],"_links":{"self":[{"href":"https:\/\/www.assorpdemaistre.wordpress.lemarie.it\/index.php\/wp-json\/wp\/v2\/pages\/894","targetHints":{"allow":["GET"]}}],"collection":[{"href":"https:\/\/www.assorpdemaistre.wordpress.lemarie.it\/index.php\/wp-json\/wp\/v2\/pages"}],"about":[{"href":"https:\/\/www.assorpdemaistre.wordpress.lemarie.it\/index.php\/wp-json\/wp\/v2\/types\/page"}],"author":[{"embeddable":true,"href":"https:\/\/www.assorpdemaistre.wordpress.lemarie.it\/index.php\/wp-json\/wp\/v2\/users\/1"}],"replies":[{"embeddable":true,"href":"https:\/\/www.assorpdemaistre.wordpress.lemarie.it\/index.php\/wp-json\/wp\/v2\/comments?post=894"}],"version-history":[{"count":15,"href":"https:\/\/www.assorpdemaistre.wordpress.lemarie.it\/index.php\/wp-json\/wp\/v2\/pages\/894\/revisions"}],"predecessor-version":[{"id":935,"href":"https:\/\/www.assorpdemaistre.wordpress.lemarie.it\/index.php\/wp-json\/wp\/v2\/pages\/894\/revisions\/935"}],"wp:attachment":[{"href":"https:\/\/www.assorpdemaistre.wordpress.lemarie.it\/index.php\/wp-json\/wp\/v2\/media?parent=894"}],"curies":[{"name":"wp","href":"https:\/\/api.w.org\/{rel}","templated":true}]}}